 199. Let p = -129 - d. Calculate the highest common factor of p and 52.
26
Let t be (-110)/(7 + -2 - 8 - -1). Calculate the highest common factor of t and 15.
5
Let q be 5 - 5 - 115*-1. Let z(b) = -2*b**2 - 84*b + 1319. Let t be z(12). What is the greatest common factor of q and t?
23
Suppose 2*j + 11 + 19 = 2*h, -3*j = -h + 17. Let b be (25 + (-36060)/(-120))*(-4)/(-3). What is the highest common factor of h and b?
14
Suppose 6*g + 65 = 19*g. Let p(d) = 6*d**2 - 23*d - 17. Let k be p(g). Calculate the highest common divisor of 414 and k.
18
Let v(q) = -2*q**3 - 2*q**2 - 38. Let t be v(-5). Let r = 127 + -91. Calculate the greatest common divisor of r and t.
18
Let d be (-1)/(4/(-976)) - 1. Suppose 16*k - 11*k + 180 = 0. Let l be ((-24)/k)/(2/81). Calculate the highest common factor of d and l.
27
Let t(h) = 9*h**3 - h**2 - 16*h + 1. Let s be t(6). What is the greatest common factor of 147 and s?
49
Let z = -13484 + 13714. What is the greatest common factor of 170 and z?
10
Let w(b) = 2*b**2 - 16*b + 47. Let k be w(3). Calculate the highest common divisor of 113 and k.
1
Let i(b) be the first derivative of b**3/3 + 2*b**2 - 5*b - 7. Let w be i(1). Suppose 35*l - 31*l - 48 = w. What is the highest common divisor of 84 and l?
12
Suppose a = 2*y - 4099, -1830 = 5*y - 2*a - 12078. What is the greatest common factor of y and 50?
50
Let u(d) = -12*d + 45. Let g be u(4). Let h(t) = -11*t**3 - 3*t**2 - 10*t - 5. Let p be h(g). Calculate the highest common factor of 118 and p.
59
Let a(t) = 2*t**3 + 2*t**2 + 7*t - 7. Let c be a(5). Let w = 217 - c. Let h = w + 223. What is the highest common divisor of 28 and h?
28
Let c be ((-1)/(6/(-466)))/((-36)/(-108)). What is the highest common divisor of c and 1?
1
Let c(h) = h**3 - 24*h**2 - 25*h + 3. Let n = -207 - -232. Let f be c(n). What is the highest common divisor of f and 3?
3
Let k = 1979 + -1919. Calculate the greatest common factor of 105 and k.
15
Let c be 15/(-10)*14*2/(-1)*2. What is the greatest common divisor of 1512 and c?
84
Let m be (-224)/(-168) + (-1319)/(-3). Calculate the highest common divisor of m and 45.
9
Suppose 22 + 643 = 5*v. Suppose 9 - 104 = -5*n. Calculate the greatest common factor of n and v.
19
Suppose -288*h + 213*h = -384225. What is the highest common factor of h and 218?
109
Suppose 3*t - 5*h = 67, 3*t - 7 = h + 40. What is the greatest common divisor of 1393 and t?
7
Let a be (198 - -43)/(1/2) + 4. What is the greatest common divisor of 2 and a?
2
Suppose -2*h = 3*h - 20, -2*k + 2*h = 1966. Let l = k + 1551. What is the greatest common factor of l and 104?
52
Let o = -9934 + 10346. What is the greatest common divisor of 24 and o?
4
Let p be (-1 - 14)/((-65)/2925). Suppose -8*c + 483 + 117 = 0. What is the highest common divisor of c and p?
75
Let l = -4012 - -4030. What is the greatest common divisor of l and 1062?
18
Let o be (-492)/(-15) - 8/10. Let n be (8/(-13))/((-196)/1274). Calculate the highest common factor of n and o.
4
Suppose -2*c - 4*w + 1156 - 492 = 0, -8*c - 2*w = -2768. Suppose -9 - 3 = -4*n. Calculate the highest common divisor of n and c.
3
Let q be 12/5 + (-28660)/(-100). Calculate the highest common factor of q and 306.
17
Let u(r) = r**2 + r - 7. Suppose -11 = -7*h - 39. Let l be u(h). Suppose -73 = -l*f - 4*a + 9, 4*f = -4*a + 64. What is the highest common divisor of 162 and f?
18
Suppose -2*u + 280 = 5*c - 549, u + 163 = c. Let b = -7549 - -7945. What is the greatest common divisor of b and c?
33
Let j(i) = -3*i**2 + 1. Let d(m) = 4*m**2 + 13*m - 20. Let u(k) = -d(k) - 2*j(k). Let s be u(7). Calculate the highest common divisor of s and 1.
1
Suppose -1288 = -8*m + 2192. Suppose 5*b - 4*t - m = 0, -2*t - 435 = -5*b - 4*t. Suppose b = 5*o - 2*o. Calculate the greatest common factor of 261 and o.
29
Let b(q) = q**3 - 25*q**2 + q - 20. Let u be b(25). What is the highest common factor of 211 and u?
1
Suppose 27*t - 83 = 156 + 85. Calculate the highest common divisor of t and 392.
4
Let w(d) = 1059*d + 60373. Let s be w(-57). Suppose -4*z + 26 - 10 = 0. Let i = z - -1. What is the greatest common divisor of i and s?
5
Let v be (-1)/(-8)*146 - ((-1125)/(-60))/(-25). What is the greatest common factor of 4788 and v?
19
Let l(r) = 5*r**2 + 43*r - 384. Let t be l(31). Calculate the highest common divisor of t and 42.
42
Let j(x) = -x**2 - 41*x - 38. Let b be j(-40). Suppose -19*m + 850 = -b*m. Calculate the highest common factor of m and 50.
50
Suppose -26*k - 19*k + 100695 = 92*k. What is the greatest common divisor of 2625 and k?
105
Suppose -44*o = -39*o - 30. Suppose -3*j - 18 = o*j. Let c be (9/j + 3)*-28. What is the greatest common divisor of 28 and c?
14
Suppose -3*x + 162 = -4*x. Let n = 354 + x. Suppose 5*a - 12*h = -10*h + 242, 5*h = -2*a + 91. Calculate the greatest common factor of n and a.
48
Let y(d) = -154*d - 59. Let n be y(-5). What is the greatest common factor of 9 and n?
9
Let n(w) = w**3 - 9*w**2 + 5*w + 26. Let t be ((-10)/8)/(20/(-160)). Let p be n(t). Calculate the highest common factor of p and 48.
16
Suppose 5*u - 60 = 2*j, u - 13 + 9 = 0. Let i be 19 - (5 - j/(-2)). What is the highest common divisor of i and 72?
24
Suppose -5*v + 0*z - 370 = -4*z, 4*v - z + 285 = 0. Let q = 82 - v. What is the greatest common divisor of q and 38?
38
Suppose -p = 21 - 34. Suppose i = 2*i - 195. Let z be (16/(-5))/((-6)/i). Calculate the highest common divisor of z and p.
13
Let g(u) = -u**2 + 23*u + 66. Let d be g(-3). Let z be ((-12)/(-10))/(d/15 + 1). Let j = -98 + 140. What is the greatest common factor of z and j?
6
Let f(z) = 19*z**2 + 160*z - 31. Let h be f(-11). Calculate the greatest common factor of h and 44.
4
Let k be -1*(-5 + 2) + 28*(-63)/(-36). Let t(b) = 3*b + 1. Let r be t(4). Calculate the greatest common factor of k and r.
13
Suppose -4*c + 58 - 10 = 0. Suppose 26*x = 29*x - 324. Calculate the greatest common factor of x and c.
12
Let n be (-1 + -1564)/(-5) - -1. Suppose -8*o = -n + 10. What is the highest common divisor of o and 304?
38
Suppose 2*l + 7 = -5*h, 3*l - 4*h = -6 + 30. Let n(a) = -a + 2 + 0 + 2. Let y be n(-2). Calculate the highest common divisor of l and y.
2
Let r(l) = -270*l - 2382. Let g be r(-9). Calculate the greatest common divisor of 1968 and g.
48
Suppose 4*y + 3*j - 12 = -j, 2*y + 4*j + 4 = 0. Suppose -560 = -22*a + y*a. Calculate the highest common divisor of a and 20.
20
Let a(z) = -7*z - 23. Suppose -11*b + 24 = -15*b. Let g be a(b). Let u = 47 - 28. Calculate the greatest common factor of u and g.
19
Let x be -3 - -2*18/4. Let q = -19708 + 19747. Calculate the greatest common factor of q and x.
3
Let k = -54 + 54. Suppose -5*a - 5*o + 320 = k, -5*a - 4*o = -o - 314. Let t = a + -48. Calculate the greatest common divisor of t and 65.
13
Suppose 4*g = 2*g + 12. Let r(l) = -l**2 - 6*l + 56. Let b be r(5). Let k be (-6)/(3 + (-5)/b). Calculate the highest common divisor of k and g.
3
Let n(j) = -2*j**3 - 12*j**2 - 443*j - 2643. Let l be n(-6). Let w be -1 + 2 + -2 + 406. Calculate the highest common divisor of l and w.
15
Let s(b) = 721*b - 7. Let c = 174 - 173. Let i be s(c). Calculate the highest common factor of 14 and i.
14
Let x(w) = 2*w**3 + 235*w**2 + 136*w + 3402. Let c be x(-117). Let m(o) = -o**2 - 7*o - 1. Let y be m(-5). What is the greatest common factor of c and y?
9
Let q(p) = 9*p**2 + 15*p + 89. Let c be q(-6). Let v be 38/c - 11590/(-34). What is the highest common factor of 11 and v?
11
Let v be (2/4)/(1/6). Suppose 0*p + 9 = v*p. Let i(a) = -a**2 + 639*a + 56746. Let j be i(-79). Calculate the highest common divisor of p and j.
3
Suppose -3 + 12 = -3*c. Let j be ((-6)/4)/(c/6) - -39. Let l = -64 - -70. What is the greatest common divisor of l and j?
6
Let i(q) = -3*q**2 + 8*q**2 - 7*q**2 + 9 + 5*q. Let t be i(3). Calculate the highest common divisor of 42 and t.
6
Let x be -16*(37/(-9) + (-20)/(-180)). Calculate the highest common divisor of 16 and x.
16
Let v = -3363 + 3379. Calculate the greatest common factor of v and 432.
16
Suppose -20 = -2*o - 0. Suppose 0 = 4*v + 241 - 209. Let d = o + v. Calculate the highest common divisor of 6 and d.
2
Suppose 0*m - 5*m = -25, -171 = -2*n + m. Let a(j) = 5*j + 159. Let h be a(-27). Calculate the greatest common divisor of h and n.
8
Let